What is -5 + (4 - 0) + -2?
-3
Evaluate -7 + 10 + (-4 - 1 - -6).
4
Calculate (-17 - 1) + (-95 - -107).
-6
What is -4 + 0 + 0 + -7 - -4?
-7
What is the value of (-1 + 6 - 1 - 4) + 7?
7
Evaluate (-13 - -7) + (0 - -2).
-4
Evaluate -14 - -25 - (-1 + 9).
3
Evaluate (16 - (10 + -3)) + 1 + -7.
3
6 - (-1 - (-6 + 4))
5
Evaluate (8 - 18) + 3 + 3.
-4
Calculate (1 - (-6 + 5)) + -2.
0
What is 2 + 6 - (2 + (3 - 4))?
7
31 - 29 - (-3 - 2)
7
What is 1 - (2 - 1) - (-1 + 3)?
-2
Calculate -2 + (0 - (-2 + -3 + 6)).
-3
What is -5 - (3 + 3) - -6?
-5
Calculate 7 - (0 + -2 + 4).
5
What is the value of 0 + -15 - (-13 + 3)?
-5
What is the value of (1 - 6 - -7) + (4 - 2)?
4
Evaluate (-2 - (-4 + -11)) + (-7 - 0).
6
Evaluate -73 - -71 - (5 - 1).
-6
Calculate 2 - (5 + 1) - -12 - 8.
0
What is the value of 0 + -5 - (3 + -3 + -10)?
5
What is -5 + 24 + -10 - 2?
7
What is the value of 10 - 3 - (-4 + 3 - -6)?
2
Calculate -3 + -5 - (-6 + 1).
-3
Evaluate -6 + 6 + (-1 - 4) + 11.
6
Evaluate 11 + 0 - (-32 - -41).
2
What is -3 - (-4 - (3 - 0))?
4
Calculate 1 + -4 - -1 - (3 - 4).
-1
What is 4 - (0 + 4 + 2)?
-2
Evaluate -25 + 24 - (1 - 6).
4
Evaluate -9 + (-11 - (-1 + -13)).
-6
What is -2 + -1 - (14 + -15)?
-2
What is the value of (6 - (8 - 1)) + 0 + 2?
1
-1 + 2 + (-7 - (-7 - -3))
-2
Evaluate (-7 - 4) + 6 + (7 - 0).
2
3 + (7 - 21 - -7)
-4
What is (-4 - 7) + 6 - -5?
0
Evaluate 5 + (-6 - 3) + 2.
-2
Evaluate 0 + (2 - 2) - 1 - 3.
-4
(8 + -15 - -2) + 8
3
Evaluate -5 - -13 - (3 + 0).
5
What is 0 + -2 - (-4 + (6 - 3))?
-1
Calculate (4 + 4 + -9 - 2) + -1.
-4
Calculate 2 + (16 - 14) + 0 + 0.
4
Evaluate -2 - -2 - (-5 + 1) - 0.
4
(2 - (-2 - -4)) + (-11 - -5)
-6
What is -7 + 3 + 2 + 2?
0
What is the value of 2 + 5 + -9 + 8?
6
Calculate -4 + (3 - 1) + (2 - 3).
-3
Evaluate 1 - 8 - (9 - 12).
-4
Calculate 4 + (-3 - (-3 + 16 + -6)).
-6
What is (6 - 3 - -4) + -7?
0
Evaluate -7 + 13 - (-3 + 9).
0
-1 - (1 + 3 - (19 - 11))
3
Calculate -14 - (-4 + -5 + 6 - 4).
-7
-10 + -4 + 10 - (1 - 10)
5
1 - (5 + 2) - (-15 - -3)
6
(3 + -9 - -8) + -5 + 2
-1
What is -4 - ((-1 - (4 - -6)) + 4)?
3
Evaluate 9 + -1 - (-9 - (-3 - 9)).
5
Evaluate (2 - -1) + -2 + (0 - -4).
5
What is the value of -1 - (3 - ((1 - -2) + 3))?
2
-15 - -6 - -16 - -3
10
-1 + -3 + (10 - (3 + -2))
5
Evaluate 1 + 3 - (108 - 100).
-4
Calculate -33 - -32 - (4 + -1 + 0).
-4
Calculate (-4 - (1 + -1)) + (6 - 2).
0
What is the value of 5 + (1 - 7) - 6?
-7
7 + 0 - -1 - 15
-7
Evaluate -3 + (-7 - (3 - 12 - 7)).
6
What is (0 - -2) + -7 + 7?
2
What is the value of (26 - 33) + 7 + 0?
0
What is -5 + 5 + -1 + 34 + -34?
-1
Calculate -3 + (3 - -2) + 1.
3
Evaluate -1 + 5 + -3 - 6.
-5
(24 - 11) + (8 - 23)
-2
What is the value of (-7 - -6) + 3 + (-5 - 0)?
-3
What is 5 + 1 + -2 - 1?
3
What is -71 - -61 - (-1 + -2)?
-7
Calculate 8 + -10 - (-2 + -2) - -1.
3
Calculate -3 + -7 + -30 + 32.
-8
3 - ((-1 - 0) + 4 + 1)
-1
Calculate 8 + -2 + -1 + 33 + -41.
-3
-31 + 37 + (1 - (3 + 2))
2
What is 2 - (0 + 1 + -3)?
4
Evaluate 4 + -2 - 0 - 2.
0
What is the value of -11 - -1 - (-7 + 1)?
-4
What is the value of 1 - -4 - (-5 - (-4 - 2))?
4
Calculate 3 + -7 - -3 - (-1 - -1).
-1
Evaluate (-2 - (2 - 0)) + 1 - 1.
-4
What is -3 + -1 + 15 - (19 + -16)?
8
Evaluate -7 + 7 + -2 - 1.
-3
Evaluate -7 - (7 + -4) - -14.
4
-3 + (4 - 2) + -4 + 2
-3
Calculate 1 - 3 - (-26 - -26).
-2
What is the value of -8 - ((6 - 14) + 4)?
-4
What is 2 - (-6 + 8 + 3)?
-3
-1 + 7 - (-17 + (29 - 13))
7
Calculate -1 + 3 + -4 + 3 - -4.
5
2 + -9 - (0 - (17 + -9))
1
What is the value of 0 + -1 + -1 - 2?
-4
Calculate -5 - (-5 - (2 - -2)).
4
Calculate (-2 - (0 - 8)) + -1 + -6.
-1
(2 - (7 - (0 - 1))) + 5
-1
What is the value of -3 - (2 - (-1 + 14)) - 2?
6
What is -1 - (-3 - (-3 - -2))?
1
Calculate -4 - (2 + -2 + -3).
-1
What is the value of (23 - 14) + (4 + -2 - 8)?
3
Calculate 0 + (5 - 1 - 9).
-5
What is 7 + (3 - 9) - -5?
6
(0 - -10) + (-12 - (-9 + 3))
4
Evaluate 6 - (6 + 1) - -3.
2
Evaluate 8 - (3 + (8 - -4)).
-7
What is -3 + 1 - (3 + -12) - 3?
4
Calculate (-3 - -15) + -16 + -4.
-8
Evaluate -4 + (0 - -1) + 3 + -2.
-2
Evaluate (7 - 0 - 19) + 7.
-5
What is -3 + (3 - (-7 + 2))?
5
-6 - (10 + -1 + -8)
-7
Calculate -17 + -1 + 18 + -9.
-9
What is -57 + 59 + -1 + 10?
11
Calculate 119 + -131 - (-8 - 1).
-3
Evaluate 3 - 2 - 1 - 1 - 0.
-1
Evaluate (-5 - (-5 - (3 - 3))) + -3.
-3
52 - 45 - (5 - -1)
1
Evaluate -3 - (-4 - 1 - 0).
2
What is the value of 2 + 5 + -14 + -1?
-8
Evaluate 1 - (29 - 29 - (6 + -1)).
6
What is 3 + (5 - (3 - 1 - -2))?
4
2 + (-2 - (2 + -1)) + 3
2
Calculate -4 + ((-7 - -4) + 6 - 6).
-7
What is (3 + -1 - (2 + -4)) + -6?
-2
What is the value of -1 + (-15 + 9 - -13)?
6
14 - (-15 + 30) - -8
7
What is the value of 10 + -13 + (-4 - -7)?
0
What is (-1 - 2 - 3) + (0 - -3)?
-3
What is -6 + (-5 - (-4 + -2))?
-5
Calculate -2 + (-6 - -5) - -6.
3
-2 - -2 - (5 - 2)
-3
Calculate (-4 + 1 - -2) + (-4 - 0).
-5
-7 - ((6 - 6) + -10)
3
Calculate -1 - (-14 - -4) - 4.
5
-12 + (7 - 11 - -22)
6
Calculate (-1 - -2) + (2 + 3 - 1).
5
8 + 5 + -6 - 5
2
Calculate 14 - ((20 - 13) + 3).
4
(-18 - -3) + 80 + -57
8
7 + -2 - (-25 + 26)
4
Evaluate (-10 + 4 - -4) + -3.
-5
(0 + 6 - 3 - 1) + -3
-1
Evaluate 1 + 4 + 15 + -17.
3
(-3 - (-3 - 4)) + -5
-1
0 + -9 - (-117 + 108)
0
Calculate -2 - 1 - (-3 + 1).
-1
7 + -9 - (3 + -1 - 6)
2
Evaluate (-5 - (1 + -3)) + -2 + 8.
3
0 + 4 + (-1 - -1 - 5)
-1
What is (8 - (2 + 3)) + (-9 - -3)?
-3
5 + 1 + (-7 - -2)
1
18 + -17 + 10 + -4
7
Evaluate 3 + -3 - (4 - 0).
-4
Calculate 30 + -40 - (0 - 10).
0
(21 - 1) + -15 - (3 - -6)
-4
Evaluate 0 + (0 - 0) + (2 - 0).
2
(-1 - 1) + (-36 + 19 - -19)
0
Evaluate 2 - ((3 - -1) + -3).
1
What is the value of 0 - -3 - 2 - 1?
0
Calculate -4 + 5 + (-4 - -7).
4
Evaluate 1 + -8 + 9 + -2.
0
Calculate (-6 - -1) + (42 - 38).
-1
Calculate (7 - -2) + (-11 - -8) + 0.
6
Evaluate -13 + 10 - (-6 + (-1 - -3)).
1
Calculate 4 - (3 - (-5 + 3 - -1)).
0
1 - (-5 + 8 + 0)
-2
Calculate (6 - 1) + (0 - (1 + 0)).
4
What is the value of 2 - -20 - (23 - 10)?
9
Evaluate (-4 - 0) + (-1 - (4 - 13)).
4
Calculate 0 - -1 - (8 - (9 - 7)).
-5
Calculate -3 + 2 + -3 + 1 + 1.
-2
(5 - 4) + 4 + -10 + 1
-4
Calculate 2 - 0 - (10 - 7).
-1
What is 1 - (-1 + (3 - (-1 - -1)))?
-1
Evaluate (12 + -7 - 3) + 4.
6
2 + -6 + 2 - -3
1
Calculate -4 - (7 + 3 + -17).
3
What is the value of 1 + 0 + (126 - 122)?
5
4 - (7 - (9 - 2))
4
(-10 - (4 - 23)) + -1 + -3
5
What is 0 + -4 - (-4 - 0)?
0
0 - (-6 - 0) - (34 + -32)
4
-1 - ((-2 - -6) + 6) - -5
-6
(-4 - -16) + -12 - -8
8
Calculate (8 - (-2 - (-2 - 2))) + -3.
3
What is (-9 - (6 + -10)) + 13?
8
What is the value of -1 + 10 - 6 - 0?
3
Calculate 18 + -10 + -11 + 10.
7
Calculate (8 + -16 - (-5 + 8)) + 8.
-3
What is (-2 - -12) + -12 + (3 - -5)?
6
(2 - 7) + 3 - (1 + 2)
-5
What is the value of (0 - 10) + (19 - 20)?
-11
-55 - -49 - (1 + -10)
3
What is the value of -1 + 2 - (-2 + -2) - 2?
3
What is the value of -9 - (3 + -7) - (-4 - -1)?
-2
(5 - 1 - -1 - 5) + 7
7
Evaluate -2 - (1 + 0 + 0 + -2).
-1
Evaluate -5 + (-6 + 5 - -7) - -5.
6
Evaluate 3 + (3 - ((5 - 2) + 3)).
0
What is -4 + (-1 - -5) + -2 + 5?
3
What is the value of (-5 - 8 - -7) + 11?
5
What is 1 - (-4 + 3 + -2) - -3?
7
What is the value of 5 + (-4 - -5) + -8?
-2
What is (-1 - (0 + 0 + -4)) + -6?
-3
Calculate (12 - 4) + -16 + 9.
1
Evaluate 8 - -8 - (10 + 0).
6
Calculate (6 - 4 - -3) + (6 - 6).
5
What is 2 + -11 - (-33 + 33)?
-9
What is the value of 14 - 12 - (10 - 3)?
-5
What is (5 - 7 - -6) + -2?
2
Evaluate -6 - 1 - -9 - 5.
-3
Calculate (-2 - -7) + -9 - -5.
1
What is the value of 0 - (-13 - -5) - 3?
5
Evaluate -2 + (0 - (0 + 3)) + 2.
-3
Calculate 2 + 2 + -1 - (26 + -20).
-3
Evaluate -4 - (16 + -18 - (0 + -1)).
-3
What is 9 + 5 + -11 - 0?
3
What is (-8 - -3) + 10 - 5?
0
What is 1 + -2 - (1 - (-3 + 4))?
-1
Evaluate -4 + 4 - (2 - -3).
-5
Calculate (2 - (-6 - -7)) + -1 + -3.
-3
0 + -3 + (4 - -4)
5
What is the value of -7 - (4 + 1 - 10)?
-2
4 + (-8 - 7) + 5
-6
7 + -11 - (1 + (-8 - -6))
-3
2 + -3 + 2 - 0
1
Calculate 11 + 1 + (9 + -2 - 14).
5
What is 3 - 0 - (-25 - -32)?
-4
Evaluate (0 - -8) + -2 + -1.
5
82 + -71 - (3 - 0)
8
What is (-3 - ((-5 - 0) + 0)) + -6?
-4
What is 84 + -82 - ((0 - -2) + 0)?
0
Calculate -2 + 0 + 8 + -1 - 5.
0
What is (7 + -16 - 3) + 11?
-1
Calculate (-3 - (-3 - -6)) + (-8 - -6).
-8
(0 - -1) + (3 - (-8 + 7))
5
Evaluate 2 - 7 - (-5 + -2).
2
Evaluate 1